17.
3, 13, 79, 4657
What are the prime factors of 11279101?
11279101
What are the prime factors of 276844?
2, 67, 1033
What are the prime factors of 113108?
2, 28277
What are the prime factors of 4994607?
3, 1664869
What are the prime factors of 5660439?
3, 17, 110989
List the prime factors of 499770.
2, 3, 5, 617
What are the prime factors of 4455478?
2, 2227739
What are the prime factors of 283525?
5, 11, 1031
What are the prime factors of 590471?
7, 67, 1259
List the prime factors of 48954.
2, 3, 41, 199
List the prime factors of 516749.
17, 113, 269
What are the prime factors of 3608588?
2, 293, 3079
What are the prime factors of 215991?
3, 103, 233
What are the prime factors of 395770?
2, 5, 19, 2083
List the prime factors of 273652.
2, 37, 43
What are the prime factors of 490103?
490103
List the prime factors of 295443.
3, 17, 1931
List the prime factors of 364865.
5, 72973
List the prime factors of 28055820.
2, 3, 5, 13, 35969
What are the prime factors of 4449430?
2, 5, 31, 463
List the prime factors of 3961907.
3961907
List the prime factors of 1679602.
2, 839801
What are the prime factors of 16679241?
3, 59, 101, 311
What are the prime factors of 357623?
7, 47, 1087
List the prime factors of 344650.
2, 5, 61, 113
List the prime factors of 2073638.
2, 7, 73, 2029
What are the prime factors of 5031131?
7, 53, 71, 191
What are the prime factors of 1474028?
2, 368507
List the prime factors of 685251.
3, 7, 73, 149
List the prime factors of 392853.
3, 17, 7703
List the prime factors of 1943613.
3, 7, 30851
What are the prime factors of 2567224?
2, 11, 29173
List the prime factors of 10937376.
2, 3, 12659
List the prime factors of 230689.
349, 661
What are the prime factors of 6852132?
2, 3, 7, 27191
List the prime factors of 5469323.
5469323
What are the prime factors of 302329?
302329
List the prime factors of 149669.
13, 29, 397
What are the prime factors of 1518067?
1518067
List the prime factors of 260811.
3, 28979
What are the prime factors of 3990427?
7, 17, 33533
List the prime factors of 2996729.
2996729
What are the prime factors of 966713?
11, 23, 3821
List the prime factors of 82440.
2, 3, 5, 229
List the prime factors of 1684011.
3, 7, 80191
List the prime factors of 4870526.
2, 23, 113, 937
What are the prime factors of 766578?
2, 3, 127763
What are the prime factors of 208228?
2, 52057
List the prime factors of 247871.
13, 23, 829
List the prime factors of 13534564.
2, 149, 22709
What are the prime factors of 196398?
2, 3, 3637
What are the prime factors of 496689?
3, 17, 9739
What are the prime factors of 1559017?
1559017
What are the prime factors of 2099606?
2, 383, 2741
What are the prime factors of 10280077?
223, 46099
List the prime factors of 759522.
2, 3, 103, 1229
List the prime factors of 510539.
31, 43, 383
List the prime factors of 1884450.
2, 3, 5, 17, 739
List the prime factors of 493708.
2, 123427
List the prime factors of 124171.
124171
List the prime factors of 188291.
188291
List the prime factors of 18483030.
2, 3, 5, 23, 8929
List the prime factors of 946767.
3, 315589
List the prime factors of 11236779.
3, 17, 24481
What are the prime factors of 2655131?
109, 24359
What are the prime factors of 899304?
2, 3, 7, 53, 101
What are the prime factors of 2113932?
2, 3, 176161
List the prime factors of 297967.
297967
What are the prime factors of 265884?
2, 3, 22157
What are the prime factors of 2171057?
7, 193, 1607
List the prime factors of 269111.
31, 8681
What are the prime factors of 2969999?
41, 107, 677
What are the prime factors of 11832046?
2, 5916023
List the prime factors of 376521.
3, 125507
List the prime factors of 3918951.
3, 435439
List the prime factors of 198864.
2, 3, 1381
What are the prime factors of 96578?
2, 43, 1123
List the prime factors of 73503.
3, 8167
List the prime factors of 1012558.
2, 59, 8581
What are the prime factors of 74255?
5, 14851
What are the prime factors of 1071870?
2, 3, 5, 35729
List the prime factors of 177318.
2, 3, 9851
What are the prime factors of 443160?
2, 3, 5, 1231
What are the prime factors of 3269678?
2, 17, 96167
What are the prime factors of 8610026?
2, 599, 7187
What are the prime factors of 435811?
107, 4073
What are the prime factors of 11424187?
17, 19, 113, 313
List the prime factors of 361649.
361649
What are the prime factors of 21671895?
3, 5, 7, 206399
List the prime factors of 3212553.
3, 1070851
What are the prime factors of 6673399?
6673399
What are the prime factors of 7676688?
2, 3, 159931
List the prime factors of 15387756.
2, 3, 67, 19139
List the prime factors of 120353.
61, 1973
List the prime factors of 1326770.
2, 5, 19, 6983
What are the prime factors of 1354000?
2, 5, 677
List the prime factors of 290704.
2, 18169
What are the prime factors of 26147474?
2, 1039, 12583
What are the prime factors of 104170?
2, 5, 11, 947
List the prime factors of 2765195.
5, 37, 14947
What are the prime factors of 15757939?
15757939
List the prime factors of 3334654.
2, 53, 163, 193
List the prime factors of 59754.
2, 3, 23, 433
What are the prime factors of 27906264?
2, 3, 387587
What are the prime factors of 58040?
2, 5, 1451
What are the prime factors of 9424562?
2, 7, 17, 5657
What are the prime factors of 287759?
17, 16927
List the prime factors of 22730476.
2, 1367, 4157
What are the prime factors of 622894?
2, 311447
List the prime factors of 24381903.
3, 7, 13, 31, 43, 67
List the prime factors of 17025698.
2, 37, 230077
What are the prime factors of 3465938?
2, 7, 37, 6691
What are the prime factors of 1339670?
2, 5, 133967
What are the prime factors of 11783640?
2, 3, 5, 11, 79, 113
List the prime factors of 126390.
2, 3, 5, 11, 383
What are the prime factors of 755885?
5, 13, 29, 401
List the prime factors of 213984.
2, 3, 743
What are the prime factors of 5153545?
5, 37, 89, 313
What are the prime factors of 8525103?
3, 53, 53617
List the prime factors of 169951.
169951
List the prime factors of 2437886.
2, 11, 110813
List the prime factors of 1570813.
113, 13901
List the prime factors of 6068785.
5, 1213757
What are the prime factors of 1677523?
1677523
What are the prime factors of 585063?
3, 31, 233
List the prime factors of 4075140.
2, 3, 5, 23, 2953
What are the prime factors of 31720633?
7, 19, 79, 3019
List the prime factors of 5092903.
271, 18793
List the prime factors of 297435.
3, 5, 79, 251
What are the prime factors of 22139942?
2, 11, 1006361
What are the prime factors of 15505694?
2, 7752847
What are the prime factors of 1761841?
83, 21227
List the prime factors of 1283637.
3, 427879
What are the prime factors of 7360411?
7360411
What are the prime factors of 31758985?
5, 131, 48487
What are the prime factors of 534062?
2, 71, 3761
List the prime factors of 2663187.
3, 151, 5879
List the prime factors of 5698656.
2, 3, 47, 421
List the prime factors of 2039163.
3, 7, 97103
List the prime factors of 25067310.
2, 3, 5, 29, 28813
What are the prime factors of 151138?
2, 13, 5813
List the prime factors of 7275065.
5, 7, 17, 12227
What are the prime factors of 112179?
3, 61, 613
What are the prime factors of 226071?
3, 2791
What are the prime factors of 584984?
2, 83, 881
List the prime factors of 7505816.
2, 103, 9109
List the prime factors of 11137294.
2, 7, 379, 2099
List the prime factors of 296822.
2, 148411
What are the prime factors of 311458?
2, 7, 22247
What are the prime factors of 318690?
2, 3, 5, 3541
List the prime factors of 595904.
2, 9311
What are the prime factors of 10485090?
2, 3, 5, 7, 11, 17, 89
What are the prime factors of 8069165?
5, 13, 43, 2887
What are the prime factors of 240692?
2, 19, 3167
List the prime factors of 39432949.
541, 72889
List the prime factors of 120088.
2, 17, 883
What are the prime factors of 12437752?
2, 29, 53611
List the prime factors of 777422.
2, 388711
List the prime factors of 842188.
2, 311, 677
What are the prime factors of 659063?
659063
List the prime factors of 10233771.
3, 103, 33119
List the prime factors of 806748.
2, 3, 23, 37, 79
What are the prime factors of 3842760?
2, 3, 5, 31, 1033
List the prime factors of 6559239.
3, 199, 10987
List the prime factors of 934958.
2, 467479
What are the prime factors of 14366634?
2, 3, 563, 4253
What are the prime factors of 